{"id":94,"date":"2022-06-28T14:53:29","date_gmt":"2022-06-28T14:53:29","guid":{"rendered":"https:\/\/www.verlagsvertretung-bredereck.de\/wordpress\/?page_id=94"},"modified":"2026-01-03T16:52:45","modified_gmt":"2026-01-03T16:52:45","slug":"vorschauen-kataloge","status":"publish","type":"page","link":"https:\/\/www.verlagsvertretung-bredereck.de\/wordpress\/vorschauen-kataloge\/","title":{"rendered":"Vorschauen \/ Kataloge"},"content":{"rendered":"\t\t<div data-elementor-type=\"wp-page\" data-elementor-id=\"94\" class=\"elementor elementor-94\">\n\t\t\t\t\t\t<section class=\"elementor-section elementor-top-section elementor-element elementor-element-f54d052 elementor-section-height-min-height elementor-section-boxed elementor-section-height-default elementor-section-items-middle\" data-id=\"f54d052\" data-element_type=\"section\" data-settings=\"{&quot;background_background&quot;:&quot;classic&quot;}\">\n\t\t\t\t\t\t<div class=\"elementor-container elementor-column-gap-default\">\n\t\t\t\t\t<div class=\"elementor-column elementor-col-100 elementor-top-column elementor-element elementor-element-3d3b172\" data-id=\"3d3b172\" data-element_type=\"column\">\n\t\t\t<div class=\"elementor-widget-wrap elementor-element-populated\">\n\t\t\t\t\t\t<div class=\"elementor-element elementor-element-f907666 elementor-absolute elementor-widget elementor-widget-heading\" data-id=\"f907666\" data-element_type=\"widget\" data-settings=\"{&quot;_position&quot;:&quot;absolute&quot;}\" data-widget_type=\"heading.default\">\n\t\t\t\t<div class=\"elementor-widget-container\">\n\t\t\t\t\t<h2 class=\"elementor-heading-title elementor-size-xl\">Thomas Bredereck <br>Verlagsvertretungen<\/h2>\t\t\t\t<\/div>\n\t\t\t\t<\/div>\n\t\t\t\t<section class=\"elementor-section elementor-inner-section elementor-element elementor-element-6180354 elementor-section-boxed elementor-section-height-default elementor-section-height-default\" data-id=\"6180354\" data-element_type=\"section\">\n\t\t\t\t\t\t<div class=\"elementor-container elementor-column-gap-default\">\n\t\t\t\t\t<div class=\"elementor-column elementor-col-50 elementor-inner-column elementor-element elementor-element-0252b33\" data-id=\"0252b33\" data-element_type=\"column\">\n\t\t\t<div class=\"elementor-widget-wrap elementor-element-populated\">\n\t\t\t\t\t\t<div class=\"elementor-element elementor-element-4bf50e5 elementor-widget elementor-widget-spacer\" data-id=\"4bf50e5\" data-element_type=\"widget\" data-widget_type=\"spacer.default\">\n\t\t\t\t<div class=\"elementor-widget-container\">\n\t\t\t\t\t\t\t<div class=\"elementor-spacer\">\n\t\t\t<div class=\"elementor-spacer-inner\"><\/div>\n\t\t<\/div>\n\t\t\t\t\t\t<\/div>\n\t\t\t\t<\/div>\n\t\t\t\t\t<\/div>\n\t\t<\/div>\n\t\t\t\t<div class=\"elementor-column elementor-col-50 elementor-inner-column elementor-element elementor-element-243804d\" data-id=\"243804d\" data-element_type=\"column\">\n\t\t\t<div class=\"elementor-widget-wrap elementor-element-populated\">\n\t\t\t\t\t\t<div class=\"elementor-element elementor-element-504d007 elementor-widget elementor-widget-image\" data-id=\"504d007\" data-element_type=\"widget\" data-widget_type=\"image.default\">\n\t\t\t\t<div class=\"elementor-widget-container\">\n\t\t\t\t\t\t\t\t\t\t\t\t\t\t\t<img fetchpriority=\"high\" decoding=\"async\" width=\"768\" height=\"1024\" src=\"https:\/\/www.verlagsvertretung-bredereck.de\/wordpress\/wp-content\/uploads\/2022\/11\/IMG_5051-768x1024.jpg\" class=\"attachment-large size-large wp-image-520\" alt=\"\" srcset=\"https:\/\/www.verlagsvertretung-bredereck.de\/wordpress\/wp-content\/uploads\/2022\/11\/IMG_5051-768x1024.jpg 768w, https:\/\/www.verlagsvertretung-bredereck.de\/wordpress\/wp-content\/uploads\/2022\/11\/IMG_5051-225x300.jpg 225w, https:\/\/www.verlagsvertretung-bredereck.de\/wordpress\/wp-content\/uploads\/2022\/11\/IMG_5051-1152x1536.jpg 1152w, https:\/\/www.verlagsvertretung-bredereck.de\/wordpress\/wp-content\/uploads\/2022\/11\/IMG_5051-1536x2048.jpg 1536w, https:\/\/www.verlagsvertretung-bredereck.de\/wordpress\/wp-content\/uploads\/2022\/11\/IMG_5051-scaled.jpg 1920w\" sizes=\"(max-width: 768px) 100vw, 768px\" \/>\t\t\t\t\t\t\t\t\t\t\t\t\t\t\t<\/div>\n\t\t\t\t<\/div>\n\t\t\t\t\t<\/div>\n\t\t<\/div>\n\t\t\t\t\t<\/div>\n\t\t<\/section>\n\t\t\t\t<div class=\"elementor-element elementor-element-52b11c4 elementor-absolute elementor-widget__width-initial elementor-widget elementor-widget-heading\" data-id=\"52b11c4\" data-element_type=\"widget\" data-settings=\"{&quot;_position&quot;:&quot;absolute&quot;}\" data-widget_type=\"heading.default\">\n\t\t\t\t<div class=\"elementor-widget-container\">\n\t\t\t\t\t<h2 class=\"elementor-heading-title elementor-size-medium\">Baden-W\u00fcrttemberg <br>\n<br> Hessen - Rheinland-Pfalz - Saarland -  Luxemburg<\/h2>\t\t\t\t<\/div>\n\t\t\t\t<\/div>\n\t\t\t\t\t<\/div>\n\t\t<\/div>\n\t\t\t\t\t<\/div>\n\t\t<\/section>\n\t\t\t\t<section class=\"elementor-section elementor-top-section elementor-element elementor-element-1758269 elementor-section-boxed elementor-section-height-default elementor-section-height-default\" data-id=\"1758269\" data-element_type=\"section\">\n\t\t\t\t\t\t<div class=\"elementor-container elementor-column-gap-default\">\n\t\t\t\t\t<div class=\"elementor-column elementor-col-100 elementor-top-column elementor-element elementor-element-954b001\" data-id=\"954b001\" data-element_type=\"column\">\n\t\t\t<div class=\"elementor-widget-wrap elementor-element-populated\">\n\t\t\t\t\t\t<div class=\"elementor-element elementor-element-69fe05d elementor-widget elementor-widget-text-editor\" data-id=\"69fe05d\" data-element_type=\"widget\" data-widget_type=\"text-editor.default\">\n\t\t\t\t<div class=\"elementor-widget-container\">\n\t\t\t\t\t\t\t\t\t<p style=\"line-height: 1.5em; margin-bottom: 19px;\"><span style=\"font-size: 14pt; font-family: helvetica, arial, sans-serif;\"><br \/><strong><em>Ackermann Kunstverlag, Kalender<\/em><\/strong><br \/><\/span><a href=\"https:\/\/www.ackermann-kalender.de\/handel\/katalog-handel\/online-katalog\/\"><span style=\"font-size: 14pt; font-family: helvetica, arial, sans-serif;\">Gesamtkatalog Edition 2026<\/span><\/a><\/p><p style=\"line-height: 1.5em; margin-bottom: 19px;\"><strong><span style=\"font-size: 14pt; font-family: helvetica, arial, sans-serif;\"><i>Duden Verlag<\/i><\/span><\/strong><br \/><a href=\"https:\/\/www.duden.de\/handel\/kataloge\"><span style=\"font-family: helvetica, arial, sans-serif; font-size: 14pt;\">Vorschau DUDEN Fr\u00fchjahr 2026<\/span><\/a><br \/><a href=\"https:\/\/cdn.duden.de\/public_files\/2025-05\/Gesamtverzeichnis%20Duden%20Herbst%2025.pdf\"><span style=\"font-family: helvetica, arial, sans-serif; font-size: 14pt;\">Bestellschein Fr\u00fchjahr 2026<\/span><\/a><\/p><p><em><span style=\"font-family: helvetica, arial, sans-serif; font-size: 14pt;\"><strong>P\u00e4dagogische Verlage:<\/strong> <br \/><\/span><\/em><em><span style=\"font-family: helvetica, arial, sans-serif; font-size: 14pt;\">Cornelsen Verlag<\/span><\/em><br \/><a href=\"https:\/\/www.verlagsvertretung-bredereck.de\/wordpress\/wp-content\/uploads\/2026\/01\/Vorschau-CV-Paedagogik-Fruehjahr-26.pdf\"><span style=\"font-family: helvetica, arial, sans-serif; font-size: 14pt;\">Vorschau Fr\u00fchjahr 2026<\/span><\/a><br \/><a href=\"https:\/\/www.verlagsvertretung-bredereck.de\/wordpress\/wp-content\/uploads\/2026\/01\/Gesamtverzeichnis-CV-Paed-Fruehjahr-26.pdf\"><span style=\"font-family: helvetica, arial, sans-serif; font-size: 14pt;\">Bestellschein Fr\u00fchjahr 2026<\/span><\/a><br \/><em><span style=\"font-family: helvetica, arial, sans-serif; font-size: 14pt;\">Verlag an der Ruhr<\/span><\/em><br \/><a href=\"https:\/\/www.verlagsvertretung-bredereck.de\/wordpress\/wp-content\/uploads\/2026\/01\/Gesamtverzeichnis-VadR-Fruehjahr-26.pdf\"><span style=\"font-family: helvetica, arial, sans-serif; font-size: 14pt;\">Vorschau Fr\u00fchjahr 2026<\/span><\/a><br \/><span style=\"font-family: helvetica, arial, sans-serif; font-size: 14pt;\"><em>Veritas<\/em><br \/><a href=\"https:\/\/www.verlagsvertretung-bredereck.de\/wordpress\/wp-content\/uploads\/2026\/01\/VERITAS_Vorschau-FJ26_LOW.pdf\">Vorschau Fr\u00fchjahr 2026<\/a><\/span><\/p><p><strong><em><span style=\"font-family: helvetica, arial, sans-serif; font-size: 14pt;\">Verlagsgruppe\u00a0 EDEL<br \/><\/span><\/em><\/strong><a href=\"https:\/\/edelverlagsgruppe.de\/wp-content\/uploads\/2025\/12\/Q12026_EdelVerlagsgruppe_low.pdf\"><span style=\"font-family: helvetica, arial, sans-serif; font-size: 14pt;\">Vorschau Fr\u00fchjahr 2026<\/span><\/a><\/p><p><span style=\"font-family: helvetica, arial, sans-serif; font-size: 14pt;\"><strong><em>KOSMOS Verlag-GmbH &amp; Co. KG<\/em><\/strong><br \/><a href=\"https:\/\/www.kosmos.de\/de\/content\/Footer\/Service\/Handel\/Das%20aktuelle%20Programm\">Vorschauen Ratgeber , Kinder- und Jugendbuch, Spielware Fr\u00fchjahr 2026<\/a><\/span><\/p><p style=\"line-height: 1.5em; margin-bottom: 19px;\"><strong><em><span style=\"font-family: helvetica, arial, sans-serif; font-size: 14pt;\">Frech Verlag: TOPP<\/span><\/em><\/strong><br \/><span style=\"font-family: helvetica, arial, sans-serif; font-size: 14pt;\"><i><\/i><a href=\"https:\/\/www.topp-kreativ.de\/kataloge-vorschau\/\">Vorschauen Fr\u00fchjahr 2026<\/a><\/span><br \/><a href=\"https:\/\/www.verlagsvertretung-bredereck.de\/wordpress\/wp-content\/uploads\/2024\/12\/30515_Adventskalender_2024-2_72dpi_DS.pdf\"><span style=\"font-family: helvetica, arial, sans-serif; font-size: 14pt;\">Vorschau Adventskalender 2026<\/span><\/a><\/p><p style=\"line-height: 1.5em; margin-bottom: 19px;\"><span style=\"font-size: 14pt; font-family: helvetica, arial, sans-serif;\"><strong><i>Stiftung Warentest<\/i><\/strong><br \/><a href=\"https:\/\/www.verlagsvertretung-bredereck.de\/wordpress\/wp-content\/uploads\/2026\/01\/Buchvorschau_Fruehjahr-2026_screen.pdf\">Vorschau Fr\u00fchjahr 2026<\/a><\/span><\/p><p><em><strong><span style=\"font-family: helvetica, arial, sans-serif; font-size: 14pt;\">Oetinger Verlagsgruppe<\/span><\/strong><\/em><br \/><a href=\"https:\/\/www.oetinger.de\/vorschauen\"><span style=\"font-family: helvetica, arial, sans-serif; font-size: 14pt;\">Vorschau Fr\u00fchjahr 2026<\/span><\/a><br \/><span style=\"font-family: helvetica, arial, sans-serif; font-size: 14pt;\"><em>Moon Notes<\/em> <br \/><a href=\"https:\/\/www.oetinger.de\/sites\/default\/files\/download\/Moon%20Notes%20Vorschau%20F26.pdf\">Vorschau Fr\u00fchjahr 2026<\/a><\/span><br \/><span style=\"font-family: helvetica, arial, sans-serif; font-size: 14pt;\"><em>DRESSLER illustro<\/em><br \/><a href=\"https:\/\/www.oetinger.de\/vorschauen\">Vorschau Fr\u00fchjahr 2026<\/a><\/span><\/p><p><strong><em><span style=\"font-family: helvetica, arial, sans-serif; font-size: 14pt;\">Picus Verlag<\/span><\/em><\/strong><br \/><a href=\"https:\/\/www.verlagsvertretung-bredereck.de\/wordpress\/wp-content\/uploads\/2026\/01\/Vorschau-FJ-26-final.pdf\"><span style=\"font-family: helvetica, arial, sans-serif; font-size: 14pt;\">Vorschau Fr\u00fchjahr 2026<\/span><\/a><\/p><p><strong><em><span style=\"font-family: helvetica, arial, sans-serif; font-size: 14pt;\">Verlagshaus R\u00f6merweg<br \/><\/span><\/em><\/strong><a href=\"https:\/\/www.verlagshausroemerweg.de\/cdn\/shop\/files\/VR_Herbst_2025.pdf?v=16461058546768614370\"><span style=\"font-family: helvetica, arial, sans-serif; font-size: 14pt;\">Vorschau<\/span><\/a><\/p>\t\t\t\t\t\t\t\t<\/div>\n\t\t\t\t<\/div>\n\t\t\t\t\t<\/div>\n\t\t<\/div>\n\t\t\t\t\t<\/div>\n\t\t<\/section>\n\t\t\t\t<\/div>\n\t\t","protected":false},"excerpt":{"rendered":"<p>Thomas Bredereck Verlagsvertretungen Baden-W\u00fcrttemberg Hessen &#8211; Rheinland-Pfalz &#8211; Saarland &#8211; Luxemburg Ackermann Kunstverlag, KalenderGesamtkatalog Edition 2026 Duden VerlagVorschau DUDEN Fr\u00fchjahr 2026Bestellschein Fr\u00fchjahr 2026 P\u00e4dagogische Verlage: Cornelsen VerlagVorschau Fr\u00fchjahr 2026Bestellschein Fr\u00fchjahr 2026Verlag an der RuhrVorschau Fr\u00fchjahr 2026VeritasVorschau Fr\u00fchjahr 2026 Verlagsgruppe\u00a0 EDELVorschau Fr\u00fchjahr 2026 KOSMOS Verlag-GmbH &amp; Co. KGVorschauen Ratgeber , Kinder- und Jugendbuch, Spielware Fr\u00fchjahr 2026 [&hellip;]<\/p>\n","protected":false},"author":1,"featured_media":0,"parent":0,"menu_order":0,"comment_status":"closed","ping_status":"closed","template":"","meta":{"ocean_post_layout":"full-screen","ocean_both_sidebars_style":"","ocean_both_sidebars_content_width":0,"ocean_both_sidebars_sidebars_width":0,"ocean_sidebar":"0","ocean_second_sidebar":"0","ocean_disable_margins":"enable","ocean_add_body_class":"","ocean_shortcode_before_top_bar":"","ocean_shortcode_after_top_bar":"","ocean_shortcode_before_header":"","ocean_shortcode_after_header":"","ocean_has_shortcode":"","ocean_shortcode_after_title":"","ocean_shortcode_before_footer_widgets":"","ocean_shortcode_after_footer_widgets":"","ocean_shortcode_before_footer_bottom":"","ocean_shortcode_after_footer_bottom":"","ocean_display_top_bar":"off","ocean_display_header":"default","ocean_header_style":"","ocean_center_header_left_menu":"0","ocean_custom_header_template":"0","ocean_custom_logo":0,"ocean_custom_retina_logo":0,"ocean_custom_logo_max_width":0,"ocean_custom_logo_tablet_max_width":0,"ocean_custom_logo_mobile_max_width":0,"ocean_custom_logo_max_height":0,"ocean_custom_logo_tablet_max_height":0,"ocean_custom_logo_mobile_max_height":0,"ocean_header_custom_menu":"0","ocean_menu_typo_font_family":"0","ocean_menu_typo_font_subset":"","ocean_menu_typo_font_size":0,"ocean_menu_typo_font_size_tablet":0,"ocean_menu_typo_font_size_mobile":0,"ocean_menu_typo_font_size_unit":"px","ocean_menu_typo_font_weight":"","ocean_menu_typo_font_weight_tablet":"","ocean_menu_typo_font_weight_mobile":"","ocean_menu_typo_transform":"","ocean_menu_typo_transform_tablet":"","ocean_menu_typo_transform_mobile":"","ocean_menu_typo_line_height":0,"ocean_menu_typo_line_height_tablet":0,"ocean_menu_typo_line_height_mobile":0,"ocean_menu_typo_line_height_unit":"","ocean_menu_typo_spacing":0,"ocean_menu_typo_spacing_tablet":0,"ocean_menu_typo_spacing_mobile":0,"ocean_menu_typo_spacing_unit":"","ocean_menu_link_color":"","ocean_menu_link_color_hover":"","ocean_menu_link_color_active":"","ocean_menu_link_background":"","ocean_menu_link_hover_background":"","ocean_menu_link_active_background":"","ocean_menu_social_links_bg":"","ocean_menu_social_hover_links_bg":"","ocean_menu_social_links_color":"","ocean_menu_social_hover_links_color":"","ocean_disable_title":"on","ocean_disable_heading":"default","ocean_post_title":"","ocean_post_subheading":"","ocean_post_title_style":"","ocean_post_title_background_color":"","ocean_post_title_background":0,"ocean_post_title_bg_image_position":"","ocean_post_title_bg_image_attachment":"","ocean_post_title_bg_image_repeat":"","ocean_post_title_bg_image_size":"","ocean_post_title_height":0,"ocean_post_title_bg_overlay":0.5,"ocean_post_title_bg_overlay_color":"","ocean_disable_breadcrumbs":"default","ocean_breadcrumbs_color":"","ocean_breadcrumbs_separator_color":"","ocean_breadcrumbs_links_color":"","ocean_breadcrumbs_links_hover_color":"","ocean_display_footer_widgets":"off","ocean_display_footer_bottom":"default","ocean_custom_footer_template":"0","footnotes":""},"class_list":["post-94","page","type-page","status-publish","hentry","entry"],"_links":{"self":[{"href":"https:\/\/www.verlagsvertretung-bredereck.de\/wordpress\/wp-json\/wp\/v2\/pages\/94","targetHints":{"allow":["GET"]}}],"collection":[{"href":"https:\/\/www.verlagsvertretung-bredereck.de\/wordpress\/wp-json\/wp\/v2\/pages"}],"about":[{"href":"https:\/\/www.verlagsvertretung-bredereck.de\/wordpress\/wp-json\/wp\/v2\/types\/page"}],"author":[{"embeddable":true,"href":"https:\/\/www.verlagsvertretung-bredereck.de\/wordpress\/wp-json\/wp\/v2\/users\/1"}],"replies":[{"embeddable":true,"href":"https:\/\/www.verlagsvertretung-bredereck.de\/wordpress\/wp-json\/wp\/v2\/comments?post=94"}],"version-history":[{"count":758,"href":"https:\/\/www.verlagsvertretung-bredereck.de\/wordpress\/wp-json\/wp\/v2\/pages\/94\/revisions"}],"predecessor-version":[{"id":2747,"href":"https:\/\/www.verlagsvertretung-bredereck.de\/wordpress\/wp-json\/wp\/v2\/pages\/94\/revisions\/2747"}],"wp:attachment":[{"href":"https:\/\/www.verlagsvertretung-bredereck.de\/wordpress\/wp-json\/wp\/v2\/media?parent=94"}],"curies":[{"name":"wp","href":"https:\/\/api.w.org\/{rel}","templated":true}]}}